{"id":1098,"date":"2017-09-29T21:31:59","date_gmt":"2017-09-29T19:31:59","guid":{"rendered":"https:\/\/www.gerald-sommerer.de\/?page_id=1098"},"modified":"2025-03-03T23:34:47","modified_gmt":"2025-03-03T22:34:47","slug":"star-wars-tie-pilot-anh-kostuem","status":"publish","type":"page","link":"https:\/\/www.gerald-sommerer.de\/?page_id=1098","title":{"rendered":"Star Wars &#8211; TIE Pilot ANH \/ Kost\u00fcm"},"content":{"rendered":"\n<h4 class=\"wp-block-heading\"><b>TIE Pilot A New Hope<\/b><\/h4>\n\n\n\n<p>Callsign: ARES<\/p>\n\n\n\n<p>Und der H\u00f6hepunkt, mein Star Wars Kost\u00fcm Projekt: TIE Pilot ANH<br>Ich freu mich riesig, im Oktober 2017 approved by the 501st Legion!<\/p>\n\n\n\n<hr class=\"wp-block-separator has-css-opacity\"\/>\n\n\n\n<figure class=\"wp-block-gallery has-nested-images columns-2 is-cropped wp-block-gallery-2 is-layout-flex wp-block-gallery-is-layout-flex\">\n<figure class=\"wp-block-image size-large\"><a href=\"https:\/\/www.gerald-sommerer.de\/?attachment_id=2099\"><img loading=\"lazy\" decoding=\"async\" width=\"341\" height=\"1024\" data-id=\"2099\" src=\"https:\/\/www.gerald-sommerer.de\/wp-content\/uploads\/2019\/02\/gerald_sommerer_tie_pilot_anh_vorne-341x1024.jpg\" alt=\"Gerald Sommerer TIE Pilot (ANH) Vorne\" class=\"wp-image-2099\" srcset=\"https:\/\/www.gerald-sommerer.de\/wp-content\/uploads\/2019\/02\/gerald_sommerer_tie_pilot_anh_vorne-341x1024.jpg 341w, https:\/\/www.gerald-sommerer.de\/wp-content\/uploads\/2019\/02\/gerald_sommerer_tie_pilot_anh_vorne-50x150.jpg 50w, https:\/\/www.gerald-sommerer.de\/wp-content\/uploads\/2019\/02\/gerald_sommerer_tie_pilot_anh_vorne-100x300.jpg 100w, https:\/\/www.gerald-sommerer.de\/wp-content\/uploads\/2019\/02\/gerald_sommerer_tie_pilot_anh_vorne.jpg 666w\" sizes=\"auto, (max-width: 341px) 85vw, 341px\" \/><\/a><\/figure>\n\n\n\n<figure class=\"wp-block-image size-large\"><a href=\"https:\/\/www.gerald-sommerer.de\/?attachment_id=2098\"><img loading=\"lazy\" decoding=\"async\" width=\"387\" height=\"1024\" data-id=\"2098\" src=\"https:\/\/www.gerald-sommerer.de\/wp-content\/uploads\/2019\/02\/gerald_sommerer_tie_pilot_anh_rechts-387x1024.jpg\" alt=\"Gerald Sommerer TIE Pilot (ANH) Rechts\" class=\"wp-image-2098\" srcset=\"https:\/\/www.gerald-sommerer.de\/wp-content\/uploads\/2019\/02\/gerald_sommerer_tie_pilot_anh_rechts-387x1024.jpg 387w, https:\/\/www.gerald-sommerer.de\/wp-content\/uploads\/2019\/02\/gerald_sommerer_tie_pilot_anh_rechts-57x150.jpg 57w, https:\/\/www.gerald-sommerer.de\/wp-content\/uploads\/2019\/02\/gerald_sommerer_tie_pilot_anh_rechts-113x300.jpg 113w, https:\/\/www.gerald-sommerer.de\/wp-content\/uploads\/2019\/02\/gerald_sommerer_tie_pilot_anh_rechts.jpg 755w\" sizes=\"auto, (max-width: 387px) 85vw, 387px\" \/><\/a><\/figure>\n\n\n\n<figure class=\"wp-block-image size-large\"><a href=\"https:\/\/www.gerald-sommerer.de\/?attachment_id=2097\"><img loading=\"lazy\" decoding=\"async\" width=\"1024\" height=\"1012\" data-id=\"2097\" src=\"https:\/\/www.gerald-sommerer.de\/wp-content\/uploads\/2019\/02\/gerald_sommerer_tie_pilot_anh_profil-1024x1012.jpg\" alt=\"Gerald Sommerer TIE Pilot (ANH) Profil\" class=\"wp-image-2097\" srcset=\"https:\/\/www.gerald-sommerer.de\/wp-content\/uploads\/2019\/02\/gerald_sommerer_tie_pilot_anh_profil-1024x1012.jpg 1024w, https:\/\/www.gerald-sommerer.de\/wp-content\/uploads\/2019\/02\/gerald_sommerer_tie_pilot_anh_profil-150x148.jpg 150w, https:\/\/www.gerald-sommerer.de\/wp-content\/uploads\/2019\/02\/gerald_sommerer_tie_pilot_anh_profil-300x297.jpg 300w, https:\/\/www.gerald-sommerer.de\/wp-content\/uploads\/2019\/02\/gerald_sommerer_tie_pilot_anh_profil-768x759.jpg 768w, https:\/\/www.gerald-sommerer.de\/wp-content\/uploads\/2019\/02\/gerald_sommerer_tie_pilot_anh_profil-1200x1186.jpg 1200w, https:\/\/www.gerald-sommerer.de\/wp-content\/uploads\/2019\/02\/gerald_sommerer_tie_pilot_anh_profil.jpg 2000w\" sizes=\"auto, (max-width: 709px) 85vw, (max-width: 909px) 67vw, (max-width: 1362px) 62vw, 840px\" \/><\/a><\/figure>\n\n\n\n<figure class=\"wp-block-image size-large\"><a href=\"https:\/\/www.gerald-sommerer.de\/?attachment_id=2095\"><img loading=\"lazy\" decoding=\"async\" width=\"340\" height=\"1024\" data-id=\"2095\" src=\"https:\/\/www.gerald-sommerer.de\/wp-content\/uploads\/2019\/02\/gerald_sommerer_tie_pilot_anh_links-340x1024.jpg\" alt=\"Gerald Sommerer TIE Pilot (ANH) Links\" class=\"wp-image-2095\" srcset=\"https:\/\/www.gerald-sommerer.de\/wp-content\/uploads\/2019\/02\/gerald_sommerer_tie_pilot_anh_links-340x1024.jpg 340w, https:\/\/www.gerald-sommerer.de\/wp-content\/uploads\/2019\/02\/gerald_sommerer_tie_pilot_anh_links-50x150.jpg 50w, https:\/\/www.gerald-sommerer.de\/wp-content\/uploads\/2019\/02\/gerald_sommerer_tie_pilot_anh_links-100x300.jpg 100w, https:\/\/www.gerald-sommerer.de\/wp-content\/uploads\/2019\/02\/gerald_sommerer_tie_pilot_anh_links.jpg 665w\" sizes=\"auto, (max-width: 340px) 85vw, 340px\" \/><\/a><\/figure>\n\n\n\n<figure class=\"wp-block-image size-large\"><a href=\"https:\/\/www.gerald-sommerer.de\/?attachment_id=2096\"><img loading=\"lazy\" decoding=\"async\" width=\"367\" height=\"1024\" data-id=\"2096\" src=\"https:\/\/www.gerald-sommerer.de\/wp-content\/uploads\/2019\/02\/gerald_sommerer_tie_pilot_anh_pose-367x1024.jpg\" alt=\"Gerald Sommerer TIE Pilot (ANH) Pose\" class=\"wp-image-2096\" srcset=\"https:\/\/www.gerald-sommerer.de\/wp-content\/uploads\/2019\/02\/gerald_sommerer_tie_pilot_anh_pose-367x1024.jpg 367w, https:\/\/www.gerald-sommerer.de\/wp-content\/uploads\/2019\/02\/gerald_sommerer_tie_pilot_anh_pose-54x150.jpg 54w, https:\/\/www.gerald-sommerer.de\/wp-content\/uploads\/2019\/02\/gerald_sommerer_tie_pilot_anh_pose-108x300.jpg 108w, https:\/\/www.gerald-sommerer.de\/wp-content\/uploads\/2019\/02\/gerald_sommerer_tie_pilot_anh_pose.jpg 717w\" sizes=\"auto, (max-width: 367px) 85vw, 367px\" \/><\/a><\/figure>\n<\/figure>\n\n\n\n<p>(Fotos noch mit Hoses und Shoulder Straps von RS)<\/p>\n\n\n\n<hr class=\"wp-block-separator has-css-opacity\"\/>\n\n\n\n<figure class=\"wp-block-gallery has-nested-images columns-default is-cropped wp-block-gallery-3 is-layout-flex wp-block-gallery-is-layout-flex\">\n<figure class=\"wp-block-image size-large\"><img loading=\"lazy\" decoding=\"async\" width=\"240\" height=\"240\" data-id=\"1607\" src=\"https:\/\/www.gerald-sommerer.de\/wp-content\/uploads\/2019\/02\/JRS_Logo-e1550262185470.png\" alt=\"JRS Logo\" class=\"wp-image-1607\"\/><\/figure>\n\n\n\n<figure class=\"wp-block-image size-large\"><img loading=\"lazy\" decoding=\"async\" width=\"240\" height=\"240\" data-id=\"1608\" src=\"https:\/\/www.gerald-sommerer.de\/wp-content\/uploads\/2019\/02\/Black_Tempest_Squadron_Logo-e1656239432693.png\" alt=\"Black Tempest Squadron Logo\" class=\"wp-image-1608\" srcset=\"https:\/\/www.gerald-sommerer.de\/wp-content\/uploads\/2019\/02\/Black_Tempest_Squadron_Logo-e1656239432693.png 240w, https:\/\/www.gerald-sommerer.de\/wp-content\/uploads\/2019\/02\/Black_Tempest_Squadron_Logo-e1656239432693-150x150.png 150w\" sizes=\"auto, (max-width: 240px) 85vw, 240px\" \/><\/figure>\n<\/figure>\n\n\n\n<hr class=\"wp-block-separator has-css-opacity\"\/>\n\n\n\n<p><strong>F\u00fcr das Kost\u00fcm habe ich folgende Teile verwendet:<\/strong><\/p>\n\n\n\n<p><strong>Required Costume Components:<\/strong><\/p>\n\n\n\n<p>Helmet: Hero 3, RS Prop Masters &#8211; Finished Tie Pilot Props<\/p>\n\n\n\n<p>Armor, Chestbox:\u00a0RS Prop Masters &#8211; Finished Tie Pilot Props<br><br>Hoses: Targworx \/ Picture above: RS Prop Masters<br><br>Black Rubber Shoulder Straps: DA Props \/ <a href=\"https:\/\/www.facebook.com\/oliver.gerbing\" target=\"_blank\" rel=\"noreferrer noopener nofollow\">Oli Gerbing<\/a><\/p>\n\n\n\n<p>Black Imperial Flight Suit: WampaWear<br>Imperial Patches, Vinyl:&nbsp;WampaWear<\/p>\n\n\n\n<p>Imperial Communications Pad, black, no LEDs: Klaus&#8217;s Fr\u00e4sst\u00fcberl<\/p>\n\n\n\n<p>Black Gauntlet Gloves, leather: WampaWear<\/p>\n\n\n\n<p>Belt, leather: Klaus&#8217;s Fr\u00e4sst\u00fcberl<br>Buckle, curved: Klaus&#8217;s Fr\u00e4sst\u00fcberl<br>Code Disc: Klaus&#8217;s Fr\u00e4sst\u00fcberl<\/p>\n\n\n\n<p>Boots, leather, BW Marine Knobelbecher: Ebay<\/p>\n\n\n\n<p>Balaclava, black: Odlo<\/p>\n\n\n\n<hr class=\"wp-block-separator has-css-opacity\"\/>\n\n\n\n<p><strong>Optional Accessories:<\/strong><\/p>\n\n\n\n<p>Code Cylinder, 3 x: Klaus&#8217;s Fr\u00e4sst\u00fcberl<\/p>\n\n\n\n<hr class=\"wp-block-separator has-css-opacity\"\/>\n\n\n\n<p><span style=\"font-size: xx-small;\"><br>Legal notice:<br>This is a private fansite. I like Star Wars very much. This is all this website is about.<br>This site is not endorsed by Lucasfilm Ltd. or The Walt Disney Company and is intended for entertainment and information purposes only.<br>The Official Star Wars site can be found at&nbsp;<a href=\"http:\/\/www.starwars.com\" target=\"_blank\" rel=\"noopener noreferrer\">www.starwars.com<\/a>.<br>Star Wars, the Star Wars logo, all names and pictures of Star Wars characters, vehicles and any other Star Wars related items are registered trademarks and\/or copyrights of Lucasfilm Ltd., or their respective trademark and copyright holders.<br><\/span><\/p>\n","protected":false},"excerpt":{"rendered":"<p>TIE Pilot A New Hope Callsign: ARES Und der H\u00f6hepunkt, mein Star Wars Kost\u00fcm Projekt: TIE Pilot ANHIch freu mich riesig, im Oktober 2017 approved by the 501st Legion! (Fotos noch mit Hoses und Shoulder Straps von RS) F\u00fcr das Kost\u00fcm habe ich folgende Teile verwendet: Required Costume Components: Helmet: Hero 3, RS Prop Masters &hellip; <a href=\"https:\/\/www.gerald-sommerer.de\/?page_id=1098\" class=\"more-link\"><span class=\"screen-reader-text\">\u201eStar Wars &#8211; TIE Pilot ANH \/ Kost\u00fcm\u201c <\/span>weiterlesen<\/a><\/p>\n","protected":false},"author":1,"featured_media":0,"parent":0,"menu_order":0,"comment_status":"closed","ping_status":"closed","template":"","meta":{"footnotes":""},"class_list":["post-1098","page","type-page","status-publish","hentry"],"_links":{"self":[{"href":"https:\/\/www.gerald-sommerer.de\/index.php?rest_route=\/wp\/v2\/pages\/1098","targetHints":{"allow":["GET"]}}],"collection":[{"href":"https:\/\/www.gerald-sommerer.de\/index.php?rest_route=\/wp\/v2\/pages"}],"about":[{"href":"https:\/\/www.gerald-sommerer.de\/index.php?rest_route=\/wp\/v2\/types\/page"}],"author":[{"embeddable":true,"href":"https:\/\/www.gerald-sommerer.de\/index.php?rest_route=\/wp\/v2\/users\/1"}],"replies":[{"embeddable":true,"href":"https:\/\/www.gerald-sommerer.de\/index.php?rest_route=%2Fwp%2Fv2%2Fcomments&post=1098"}],"version-history":[{"count":20,"href":"https:\/\/www.gerald-sommerer.de\/index.php?rest_route=\/wp\/v2\/pages\/1098\/revisions"}],"predecessor-version":[{"id":3751,"href":"https:\/\/www.gerald-sommerer.de\/index.php?rest_route=\/wp\/v2\/pages\/1098\/revisions\/3751"}],"wp:attachment":[{"href":"https:\/\/www.gerald-sommerer.de\/index.php?rest_route=%2Fwp%2Fv2%2Fmedia&parent=1098"}],"curies":[{"name":"wp","href":"https:\/\/api.w.org\/{rel}","templated":true}]}}