{"id":1205,"date":"2018-02-13T20:33:31","date_gmt":"2018-02-13T19:33:31","guid":{"rendered":"https:\/\/www.gerald-sommerer.de\/?page_id=1205"},"modified":"2026-02-02T21:14:17","modified_gmt":"2026-02-02T20:14:17","slug":"star-wars-tie-pilot-reserve-pilot-kostuem-3","status":"publish","type":"page","link":"https:\/\/www.gerald-sommerer.de\/?page_id=1205","title":{"rendered":"Star Wars &#8211; Imperial Staff Officer (Black) \/ Kost\u00fcm"},"content":{"rendered":"\n<h4 class=\"wp-block-heading\"><b>Imperial Staff Officer (Black Uniform):<\/b><\/h4>\n\n\n\n<p>Und noch eines approved. Yeah! Freu mich&#8230; \ud83d\ude42<\/p>\n\n\n\n<p>Update: Wer sich f\u00fcr dieses Kost\u00fcm interessiert. Die Kost\u00fcmrichtlinie dazu wurde \u00fcberarbeitet und gibt es jetzt so nicht mehr. Am n\u00e4chsten dran ist der &#8222;Imperial Security Officer Non Saga&#8220; Den kann man mit kleinen Anpassungen zu meinen unten angegeben Kost\u00fcmteilen leicht zusammenstellen.<br>CRL: <a href=\"https:\/\/crls.501st.com\/ioc\/imperial-security-officer-non-saga\" target=\"_blank\" rel=\"noreferrer noopener\">https:\/\/crls.501st.com\/ioc\/imperial-security-officer-non-saga<\/a><\/p>\n\n\n\n<hr class=\"wp-block-separator has-css-opacity\"\/>\n\n\n\n<figure class=\"wp-block-gallery has-nested-images columns-2 is-cropped wp-block-gallery-2 is-layout-flex wp-block-gallery-is-layout-flex\">\n<figure class=\"wp-block-image\"><a href=\"https:\/\/www.gerald-sommerer.de\/?attachment_id=2035\"><img loading=\"lazy\" decoding=\"async\" width=\"427\" height=\"1024\" data-id=\"2035\" src=\"https:\/\/www.gerald-sommerer.de\/wp-content\/uploads\/2019\/02\/gerald_sommerer_imperial_staff_officer_vorne-427x1024.jpg\" alt=\"Gerald Sommerer Imperial Staff Officer Vorne\" class=\"wp-image-2035\" srcset=\"https:\/\/www.gerald-sommerer.de\/wp-content\/uploads\/2019\/02\/gerald_sommerer_imperial_staff_officer_vorne-427x1024.jpg 427w, https:\/\/www.gerald-sommerer.de\/wp-content\/uploads\/2019\/02\/gerald_sommerer_imperial_staff_officer_vorne-63x150.jpg 63w, https:\/\/www.gerald-sommerer.de\/wp-content\/uploads\/2019\/02\/gerald_sommerer_imperial_staff_officer_vorne-125x300.jpg 125w, https:\/\/www.gerald-sommerer.de\/wp-content\/uploads\/2019\/02\/gerald_sommerer_imperial_staff_officer_vorne-768x1842.jpg 768w, https:\/\/www.gerald-sommerer.de\/wp-content\/uploads\/2019\/02\/gerald_sommerer_imperial_staff_officer_vorne.jpg 834w\" sizes=\"auto, (max-width: 427px) 85vw, 427px\" \/><\/a><\/figure>\n\n\n\n<figure class=\"wp-block-image\"><a href=\"https:\/\/www.gerald-sommerer.de\/?attachment_id=2034\"><img loading=\"lazy\" decoding=\"async\" width=\"314\" height=\"1024\" data-id=\"2034\" src=\"https:\/\/www.gerald-sommerer.de\/wp-content\/uploads\/2019\/02\/gerald_sommerer_imperial_staff_officer_rechts-314x1024.jpg\" alt=\"Gerald Sommerer Imperial Staff Officer Rechts\" class=\"wp-image-2034\" srcset=\"https:\/\/www.gerald-sommerer.de\/wp-content\/uploads\/2019\/02\/gerald_sommerer_imperial_staff_officer_rechts-314x1024.jpg 314w, https:\/\/www.gerald-sommerer.de\/wp-content\/uploads\/2019\/02\/gerald_sommerer_imperial_staff_officer_rechts-46x150.jpg 46w, https:\/\/www.gerald-sommerer.de\/wp-content\/uploads\/2019\/02\/gerald_sommerer_imperial_staff_officer_rechts-92x300.jpg 92w, https:\/\/www.gerald-sommerer.de\/wp-content\/uploads\/2019\/02\/gerald_sommerer_imperial_staff_officer_rechts.jpg 613w\" sizes=\"auto, (max-width: 314px) 85vw, 314px\" \/><\/a><\/figure>\n\n\n\n<figure class=\"wp-block-image\"><a href=\"https:\/\/www.gerald-sommerer.de\/?attachment_id=2032\"><img loading=\"lazy\" decoding=\"async\" width=\"350\" height=\"1024\" data-id=\"2032\" src=\"https:\/\/www.gerald-sommerer.de\/wp-content\/uploads\/2019\/02\/gerald_sommerer_imperial_staff_officer_pose2-350x1024.jpg\" alt=\"Gerald Sommerer Imperial Staff Officer Pose2\" class=\"wp-image-2032\" srcset=\"https:\/\/www.gerald-sommerer.de\/wp-content\/uploads\/2019\/02\/gerald_sommerer_imperial_staff_officer_pose2-350x1024.jpg 350w, https:\/\/www.gerald-sommerer.de\/wp-content\/uploads\/2019\/02\/gerald_sommerer_imperial_staff_officer_pose2-51x150.jpg 51w, https:\/\/www.gerald-sommerer.de\/wp-content\/uploads\/2019\/02\/gerald_sommerer_imperial_staff_officer_pose2.jpg 683w\" sizes=\"auto, (max-width: 350px) 85vw, 350px\" \/><\/a><\/figure>\n\n\n\n<figure class=\"wp-block-image\"><a href=\"https:\/\/www.gerald-sommerer.de\/?attachment_id=2030\"><img loading=\"lazy\" decoding=\"async\" width=\"286\" height=\"1024\" data-id=\"2030\" src=\"https:\/\/www.gerald-sommerer.de\/wp-content\/uploads\/2019\/02\/gerald_sommerer_imperial_staff_officer_links-286x1024.jpg\" alt=\"Gerald Sommerer Imperial Staff Officer Links\" class=\"wp-image-2030\" srcset=\"https:\/\/www.gerald-sommerer.de\/wp-content\/uploads\/2019\/02\/gerald_sommerer_imperial_staff_officer_links-286x1024.jpg 286w, https:\/\/www.gerald-sommerer.de\/wp-content\/uploads\/2019\/02\/gerald_sommerer_imperial_staff_officer_links-42x150.jpg 42w, https:\/\/www.gerald-sommerer.de\/wp-content\/uploads\/2019\/02\/gerald_sommerer_imperial_staff_officer_links-84x300.jpg 84w, https:\/\/www.gerald-sommerer.de\/wp-content\/uploads\/2019\/02\/gerald_sommerer_imperial_staff_officer_links.jpg 558w\" sizes=\"auto, (max-width: 286px) 85vw, 286px\" \/><\/a><\/figure>\n\n\n\n<figure class=\"wp-block-image\"><a href=\"https:\/\/www.gerald-sommerer.de\/?attachment_id=2031\"><img loading=\"lazy\" decoding=\"async\" width=\"359\" height=\"1024\" data-id=\"2031\" src=\"https:\/\/www.gerald-sommerer.de\/wp-content\/uploads\/2019\/02\/gerald_sommerer_imperial_staff_officer_pose1-359x1024.jpg\" alt=\"Gerald Sommerer Imperial Staff Officer Pose1\" class=\"wp-image-2031\" srcset=\"https:\/\/www.gerald-sommerer.de\/wp-content\/uploads\/2019\/02\/gerald_sommerer_imperial_staff_officer_pose1-359x1024.jpg 359w, https:\/\/www.gerald-sommerer.de\/wp-content\/uploads\/2019\/02\/gerald_sommerer_imperial_staff_officer_pose1-53x150.jpg 53w, https:\/\/www.gerald-sommerer.de\/wp-content\/uploads\/2019\/02\/gerald_sommerer_imperial_staff_officer_pose1-105x300.jpg 105w, https:\/\/www.gerald-sommerer.de\/wp-content\/uploads\/2019\/02\/gerald_sommerer_imperial_staff_officer_pose1.jpg 701w\" sizes=\"auto, (max-width: 359px) 85vw, 359px\" \/><\/a><\/figure>\n\n\n\n<figure class=\"wp-block-image\"><a href=\"https:\/\/www.gerald-sommerer.de\/?attachment_id=2033\"><img loading=\"lazy\" decoding=\"async\" width=\"591\" height=\"1024\" data-id=\"2033\" src=\"https:\/\/www.gerald-sommerer.de\/wp-content\/uploads\/2019\/02\/gerald_sommerer_imperial_staff_officer_pose3-591x1024.jpg\" alt=\"Gerald Sommerer Imperial Staff Officer Pose3\" class=\"wp-image-2033\" srcset=\"https:\/\/www.gerald-sommerer.de\/wp-content\/uploads\/2019\/02\/gerald_sommerer_imperial_staff_officer_pose3-591x1024.jpg 591w, https:\/\/www.gerald-sommerer.de\/wp-content\/uploads\/2019\/02\/gerald_sommerer_imperial_staff_officer_pose3-87x150.jpg 87w, https:\/\/www.gerald-sommerer.de\/wp-content\/uploads\/2019\/02\/gerald_sommerer_imperial_staff_officer_pose3-173x300.jpg 173w, https:\/\/www.gerald-sommerer.de\/wp-content\/uploads\/2019\/02\/gerald_sommerer_imperial_staff_officer_pose3-768x1330.jpg 768w, https:\/\/www.gerald-sommerer.de\/wp-content\/uploads\/2019\/02\/gerald_sommerer_imperial_staff_officer_pose3.jpg 1155w\" sizes=\"auto, (max-width: 591px) 85vw, 591px\" \/><\/a><\/figure>\n<\/figure>\n\n\n\n<hr class=\"wp-block-separator has-css-opacity\"\/>\n\n\n\n<p><strong>F\u00fcr das Kost\u00fcm verwende ich folgende Teile:<\/strong><\/p>\n\n\n\n<p><strong>Required Costume Components:<\/strong><\/p>\n\n\n\n<p>Imperial Hat, black: WampaWear<br>Imperial Code Disc: Klaus&#8217;s Fr\u00e4sst\u00fcberl<\/p>\n\n\n\n<p>Tunic \/ Jodhpur Trousers, black:<br>CosplaySky Deluxe Version 2018 (beides durch Schneider weiter angepasst)<br>Tunic: Modesty Panel verl\u00e4ngert<br>Trousers: seitliche Naht ge\u00e4ndert (<a rel=\"noreferrer noopener\" aria-label=\"Bild1 (\u00f6ffnet in neuem Tab)\" href=\"https:\/\/www.gerald-sommerer.de\/wp-content\/uploads\/2019\/02\/imperial_staff_officer_hose_richtige_naht02.jpeg\" target=\"_blank\">Bild1<\/a> \/ <a href=\"https:\/\/www.gerald-sommerer.de\/wp-content\/uploads\/2019\/02\/imperial_staff_officer_hose_richtige_naht01.jpeg\" target=\"_blank\" rel=\"noreferrer noopener\" aria-label=\"Bild2 (\u00f6ffnet in neuem Tab)\">Bild2<\/a>), B\u00fcgelvlies eingef\u00fcgt<br>F\u00fcr die Hose: Hosentr\u00e4ger oben und Elastik-Band unten zum Straffen.<\/p>\n\n\n\n<p>Rank Bar:&nbsp;Klaus&#8217;s Fr\u00e4sst\u00fcberl<\/p>\n\n\n\n<p>2x Code Cylinders:&nbsp;Klaus&#8217;s Fr\u00e4sst\u00fcberl<\/p>\n\n\n\n<p>Belt, leather: Klaus&#8217;s Fr\u00e4sst\u00fcberl<br>Buckle, curved: Klaus&#8217;s Fr\u00e4sst\u00fcberl<br>Code Disc: Klaus&#8217;s Fr\u00e4sst\u00fcberl<\/p>\n\n\n\n<p>Officer Boots: Hessen Antik, Reitstiefel, Echtleder<\/p>\n\n\n\n<hr class=\"wp-block-separator has-css-opacity\"\/>\n\n\n\n<p><strong>Optional Accessories:<\/strong><\/p>\n\n\n\n<p>Black Gauntlet Gloves, leather: WampaWear<\/p>\n\n\n\n<p>Merr-Sonn Power 5 Blaster: Tie Kai<\/p>\n\n\n\n<p>Holster, brown, leather: DarmansProps<\/p>\n\n\n\n<hr class=\"wp-block-separator has-css-opacity\"\/>\n\n\n\n<p><span style=\"font-size: xx-small;\">Legal notice:<br>This is a private fansite. I like Star Wars very much. This is all this website is about.<br>This site is not endorsed by Lucasfilm Ltd. or The Walt Disney Company and is intended for entertainment and information purposes only.<br>The Official Star Wars site can be found at&nbsp;<a rel=\"noopener noreferrer\" href=\"http:\/\/www.starwars.com\" target=\"_blank\">www.starwars.com<\/a>.<br>Star Wars, the Star Wars logo, all names and pictures of Star Wars characters, vehicles and any other Star Wars related items are registered trademarks and\/or copyrights of Lucasfilm Ltd., or their respective trademark and copyright holders.<br><\/span><\/p>\n","protected":false},"excerpt":{"rendered":"<p>Imperial Staff Officer (Black Uniform): Und noch eines approved. Yeah! Freu mich&#8230; \ud83d\ude42 Update: Wer sich f\u00fcr dieses Kost\u00fcm interessiert. Die Kost\u00fcmrichtlinie dazu wurde \u00fcberarbeitet und gibt es jetzt so nicht mehr. Am n\u00e4chsten dran ist der &#8222;Imperial Security Officer Non Saga&#8220; Den kann man mit kleinen Anpassungen zu meinen unten angegeben Kost\u00fcmteilen leicht zusammenstellen.CRL: &hellip; <a href=\"https:\/\/www.gerald-sommerer.de\/?page_id=1205\" class=\"more-link\"><span class=\"screen-reader-text\">\u201eStar Wars &#8211; Imperial Staff Officer (Black) \/ Kost\u00fcm\u201c <\/span>weiterlesen<\/a><\/p>\n","protected":false},"author":1,"featured_media":0,"parent":0,"menu_order":0,"comment_status":"closed","ping_status":"closed","template":"","meta":{"footnotes":""},"class_list":["post-1205","page","type-page","status-publish","hentry"],"_links":{"self":[{"href":"https:\/\/www.gerald-sommerer.de\/index.php?rest_route=\/wp\/v2\/pages\/1205","targetHints":{"allow":["GET"]}}],"collection":[{"href":"https:\/\/www.gerald-sommerer.de\/index.php?rest_route=\/wp\/v2\/pages"}],"about":[{"href":"https:\/\/www.gerald-sommerer.de\/index.php?rest_route=\/wp\/v2\/types\/page"}],"author":[{"embeddable":true,"href":"https:\/\/www.gerald-sommerer.de\/index.php?rest_route=\/wp\/v2\/users\/1"}],"replies":[{"embeddable":true,"href":"https:\/\/www.gerald-sommerer.de\/index.php?rest_route=%2Fwp%2Fv2%2Fcomments&post=1205"}],"version-history":[{"count":25,"href":"https:\/\/www.gerald-sommerer.de\/index.php?rest_route=\/wp\/v2\/pages\/1205\/revisions"}],"predecessor-version":[{"id":3949,"href":"https:\/\/www.gerald-sommerer.de\/index.php?rest_route=\/wp\/v2\/pages\/1205\/revisions\/3949"}],"wp:attachment":[{"href":"https:\/\/www.gerald-sommerer.de\/index.php?rest_route=%2Fwp%2Fv2%2Fmedia&parent=1205"}],"curies":[{"name":"wp","href":"https:\/\/api.w.org\/{rel}","templated":true}]}}