{"id":1421,"date":"2018-08-23T20:32:17","date_gmt":"2018-08-23T18:32:17","guid":{"rendered":"https:\/\/www.gerald-sommerer.de\/?page_id=1421"},"modified":"2019-02-17T20:29:21","modified_gmt":"2019-02-17T19:29:21","slug":"star-wars-tie-pilot-anh-kostuem-3","status":"publish","type":"page","link":"https:\/\/www.gerald-sommerer.de\/?page_id=1421","title":{"rendered":"Star Wars &#8211; Imperial Gunner \/ Kost\u00fcm"},"content":{"rendered":"\n<h4 class=\"wp-block-heading\"><strong>Imperial Gunner<\/strong><\/h4>\n\n\n\n<p>Jetzt auch approved, der Gunner. Feuer frei! \ud83d\ude42<\/p>\n\n\n\n<hr class=\"wp-block-separator\"\/>\n\n\n\n<ul class=\"wp-block-gallery columns-2 is-cropped wp-block-gallery-2 is-layout-flex wp-block-gallery-is-layout-flex\"><li class=\"blocks-gallery-item\"><figure><a href=\"https:\/\/www.gerald-sommerer.de\/?attachment_id=2025\"><img loading=\"lazy\" decoding=\"async\" width=\"370\" height=\"1024\" src=\"https:\/\/www.gerald-sommerer.de\/wp-content\/uploads\/2019\/02\/gerald_sommerer_imperial_gunner_vorne-370x1024.jpg\" alt=\"Gerald Sommerer Imperial Gunner Vorne\" data-id=\"2025\" data-link=\"https:\/\/www.gerald-sommerer.de\/?attachment_id=2025\" class=\"wp-image-2025\" srcset=\"https:\/\/www.gerald-sommerer.de\/wp-content\/uploads\/2019\/02\/gerald_sommerer_imperial_gunner_vorne-370x1024.jpg 370w, https:\/\/www.gerald-sommerer.de\/wp-content\/uploads\/2019\/02\/gerald_sommerer_imperial_gunner_vorne-54x150.jpg 54w, https:\/\/www.gerald-sommerer.de\/wp-content\/uploads\/2019\/02\/gerald_sommerer_imperial_gunner_vorne-108x300.jpg 108w, https:\/\/www.gerald-sommerer.de\/wp-content\/uploads\/2019\/02\/gerald_sommerer_imperial_gunner_vorne.jpg 723w\" sizes=\"auto, (max-width: 370px) 85vw, 370px\" \/><\/a><\/figure><\/li><li class=\"blocks-gallery-item\"><figure><a href=\"https:\/\/www.gerald-sommerer.de\/?attachment_id=2024\"><img loading=\"lazy\" decoding=\"async\" width=\"363\" height=\"1024\" src=\"https:\/\/www.gerald-sommerer.de\/wp-content\/uploads\/2019\/02\/gerald_sommerer_imperial_gunner_rechts-363x1024.jpg\" alt=\"Gerald Sommerer Imperial Gunner Rechts\" data-id=\"2024\" data-link=\"https:\/\/www.gerald-sommerer.de\/?attachment_id=2024\" class=\"wp-image-2024\" srcset=\"https:\/\/www.gerald-sommerer.de\/wp-content\/uploads\/2019\/02\/gerald_sommerer_imperial_gunner_rechts-363x1024.jpg 363w, https:\/\/www.gerald-sommerer.de\/wp-content\/uploads\/2019\/02\/gerald_sommerer_imperial_gunner_rechts-53x150.jpg 53w, https:\/\/www.gerald-sommerer.de\/wp-content\/uploads\/2019\/02\/gerald_sommerer_imperial_gunner_rechts-106x300.jpg 106w, https:\/\/www.gerald-sommerer.de\/wp-content\/uploads\/2019\/02\/gerald_sommerer_imperial_gunner_rechts.jpg 709w\" sizes=\"auto, (max-width: 363px) 85vw, 363px\" \/><\/a><\/figure><\/li><li class=\"blocks-gallery-item\"><figure><a href=\"https:\/\/www.gerald-sommerer.de\/?attachment_id=2023\"><img loading=\"lazy\" decoding=\"async\" width=\"352\" height=\"1024\" src=\"https:\/\/www.gerald-sommerer.de\/wp-content\/uploads\/2019\/02\/gerald_sommerer_imperial_gunner_pose-352x1024.jpg\" alt=\"Gerald Sommerer Imperial Gunner Pose\" data-id=\"2023\" data-link=\"https:\/\/www.gerald-sommerer.de\/?attachment_id=2023\" class=\"wp-image-2023\" srcset=\"https:\/\/www.gerald-sommerer.de\/wp-content\/uploads\/2019\/02\/gerald_sommerer_imperial_gunner_pose-352x1024.jpg 352w, https:\/\/www.gerald-sommerer.de\/wp-content\/uploads\/2019\/02\/gerald_sommerer_imperial_gunner_pose-52x150.jpg 52w, https:\/\/www.gerald-sommerer.de\/wp-content\/uploads\/2019\/02\/gerald_sommerer_imperial_gunner_pose-103x300.jpg 103w, https:\/\/www.gerald-sommerer.de\/wp-content\/uploads\/2019\/02\/gerald_sommerer_imperial_gunner_pose.jpg 687w\" sizes=\"auto, (max-width: 352px) 85vw, 352px\" \/><\/a><\/figure><\/li><li class=\"blocks-gallery-item\"><figure><a href=\"https:\/\/www.gerald-sommerer.de\/?attachment_id=2022\"><img loading=\"lazy\" decoding=\"async\" width=\"307\" height=\"1024\" src=\"https:\/\/www.gerald-sommerer.de\/wp-content\/uploads\/2019\/02\/gerald_sommerer_imperial_gunner_links-307x1024.jpg\" alt=\"Gerald Sommerer Imperial Gunner Links\" data-id=\"2022\" data-link=\"https:\/\/www.gerald-sommerer.de\/?attachment_id=2022\" class=\"wp-image-2022\" srcset=\"https:\/\/www.gerald-sommerer.de\/wp-content\/uploads\/2019\/02\/gerald_sommerer_imperial_gunner_links-307x1024.jpg 307w, https:\/\/www.gerald-sommerer.de\/wp-content\/uploads\/2019\/02\/gerald_sommerer_imperial_gunner_links-45x150.jpg 45w, https:\/\/www.gerald-sommerer.de\/wp-content\/uploads\/2019\/02\/gerald_sommerer_imperial_gunner_links-90x300.jpg 90w, https:\/\/www.gerald-sommerer.de\/wp-content\/uploads\/2019\/02\/gerald_sommerer_imperial_gunner_links.jpg 599w\" sizes=\"auto, (max-width: 307px) 85vw, 307px\" \/><\/a><\/figure><\/li><\/ul>\n\n\n\n<hr class=\"wp-block-separator\"\/>\n\n\n\n<p><strong>F\u00fcr das Kost\u00fcm habe ich folgende Teile verwendet:<\/strong><\/p>\n\n\n\n<p><strong>Required Costume Components:<\/strong><\/p>\n\n\n\n<p>Helmet: Franky Vahlke<\/p>\n\n\n\n<p>Balaclava, black: Odlo<\/p>\n\n\n\n<p>Black Imperial Flight Suit: Hero Tec X<br>(Die Quernaht an der Codezylinder-Tasche wurde entfernt)<\/p>\n\n\n\n<p>Belt, leather: Klaus&#8217;s Fr\u00e4sst\u00fcberl<br>Buckle, curved: Klaus&#8217;s Fr\u00e4sst\u00fcberl<br>Code Disc: Klaus&#8217;s Fr\u00e4sst\u00fcberl<\/p>\n\n\n\n<p>Boots, leather, BW Marine Knobelbecher: Ebay, keine L\u00f6cher<\/p>\n\n\n\n<p>Soft Chest Armor, leather: Custom-Props<\/p>\n\n\n\n<hr class=\"wp-block-separator\"\/>\n\n\n\n<p><strong>Optional Accessories:<\/strong><\/p>\n\n\n\n<p>Code Cylinder, 2 x: Klaus&#8217;s Fr\u00e4sst\u00fcberl<\/p>\n\n\n\n<p>Imperial Communications Pad, black, no LEDs: Klaus&#8217;s Fr\u00e4sst\u00fcberl<\/p>\n\n\n\n<p>Black Gauntlet Gloves, leather: WampaWear<\/p>\n\n\n\n<p>Belt Boxes, 2 x:&nbsp;Tosche Traders<\/p>\n\n\n\n<hr class=\"wp-block-separator\"\/>\n\n\n\n<p><span style=\"font-size: xx-small;\"><br>Legal notice:<br>This is a private fansite. I like Star Wars very much. This is all this website is about.<br>This site is not endorsed by Lucasfilm Ltd. or The Walt Disney Company and is intended for entertainment and information purposes only.<br>The Official Star Wars site can be found at&nbsp;<a href=\"http:\/\/www.starwars.com\" target=\"_blank\" rel=\"noopener noreferrer\">www.starwars.com<\/a>.<br>Star Wars, the Star Wars logo, all names and pictures of Star Wars characters, vehicles and any other Star Wars related items are registered trademarks and\/or copyrights of Lucasfilm Ltd., or their respective trademark and copyright holders.<br><\/span><\/p>\n","protected":false},"excerpt":{"rendered":"<p>Imperial Gunner Jetzt auch approved, der Gunner. Feuer frei! \ud83d\ude42 F\u00fcr das Kost\u00fcm habe ich folgende Teile verwendet: Required Costume Components: Helmet: Franky Vahlke Balaclava, black: Odlo Black Imperial Flight Suit: Hero Tec X(Die Quernaht an der Codezylinder-Tasche wurde entfernt) Belt, leather: Klaus&#8217;s Fr\u00e4sst\u00fcberlBuckle, curved: Klaus&#8217;s Fr\u00e4sst\u00fcberlCode Disc: Klaus&#8217;s Fr\u00e4sst\u00fcberl Boots, leather, BW Marine Knobelbecher: &hellip; <a href=\"https:\/\/www.gerald-sommerer.de\/?page_id=1421\" class=\"more-link\"><span class=\"screen-reader-text\">\u201eStar Wars &#8211; Imperial Gunner \/ Kost\u00fcm\u201c <\/span>weiterlesen<\/a><\/p>\n","protected":false},"author":1,"featured_media":0,"parent":0,"menu_order":0,"comment_status":"closed","ping_status":"closed","template":"","meta":{"footnotes":""},"class_list":["post-1421","page","type-page","status-publish","hentry"],"_links":{"self":[{"href":"https:\/\/www.gerald-sommerer.de\/index.php?rest_route=\/wp\/v2\/pages\/1421","targetHints":{"allow":["GET"]}}],"collection":[{"href":"https:\/\/www.gerald-sommerer.de\/index.php?rest_route=\/wp\/v2\/pages"}],"about":[{"href":"https:\/\/www.gerald-sommerer.de\/index.php?rest_route=\/wp\/v2\/types\/page"}],"author":[{"embeddable":true,"href":"https:\/\/www.gerald-sommerer.de\/index.php?rest_route=\/wp\/v2\/users\/1"}],"replies":[{"embeddable":true,"href":"https:\/\/www.gerald-sommerer.de\/index.php?rest_route=%2Fwp%2Fv2%2Fcomments&post=1421"}],"version-history":[{"count":11,"href":"https:\/\/www.gerald-sommerer.de\/index.php?rest_route=\/wp\/v2\/pages\/1421\/revisions"}],"predecessor-version":[{"id":2091,"href":"https:\/\/www.gerald-sommerer.de\/index.php?rest_route=\/wp\/v2\/pages\/1421\/revisions\/2091"}],"wp:attachment":[{"href":"https:\/\/www.gerald-sommerer.de\/index.php?rest_route=%2Fwp%2Fv2%2Fmedia&parent=1421"}],"curies":[{"name":"wp","href":"https:\/\/api.w.org\/{rel}","templated":true}]}}