{"id":163,"date":"2015-03-08T18:47:35","date_gmt":"2015-03-08T17:47:35","guid":{"rendered":"http:\/\/www.gerald-sommerer.de\/?page_id=163"},"modified":"2019-02-16T11:23:54","modified_gmt":"2019-02-16T10:23:54","slug":"zeitkapsel","status":"publish","type":"page","link":"https:\/\/www.gerald-sommerer.de\/?page_id=163","title":{"rendered":"Zeitkapsel"},"content":{"rendered":"\n<div class=\"wp-block-image\"><figure class=\"aligncenter\"><img loading=\"lazy\" decoding=\"async\" width=\"284\" height=\"247\" src=\"https:\/\/www.gerald-sommerer.de\/wp-content\/uploads\/2015\/03\/zk-insignia-web.jpg\" alt=\"Zeitkapsel Logo\" class=\"wp-image-161\"\/><\/figure><\/div>\n\n\n\n<p>Am 1. Juli 2000 wurde von 24 Personen eine &#8222;Zeitkapsel&#8220; auf einem Grundst\u00fcck im Ortsteil Haid bei Arzberg vergraben. Diese Kapsel enth\u00e4lt Informationen \u00fcber die Teilnehmer sowie diverse Gegenst\u00e4nde aus dieser Zeit.<br>Am 1. Juli 2050 sollte die Kapsel von jenen 24 Teilnehmern wieder ausgegraben und ge\u00f6ffnet werden. Zutage kommen sollten dann die verk\u00f6rperten Erinnerungen an eine lange vergangene Zeit.<br>Im Zusammenhang mit dem Verkauf des Grundst\u00fccks im Jahr 2014, war es aber leider nicht m\u00f6glich, die Zeitkapsel zu finden und &#8222;umzubetten&#8220;.<br>Das Projekt Zeitkapsel wurde daher in ein&nbsp; \u00e4rch\u00e4ologisches Projekt f\u00fcr zuk\u00fcnftige Generationen \u00fcbergef\u00fchrt. Die Kapsel bleibt so lange vergraben, bis jemand diese zuf\u00e4llig findet, vielleicht f\u00fcr immer.<\/p>\n\n\n\n<h4 class=\"wp-block-heading\"><span style=\"text-decoration: underline;\"><b>Die Teilnehmer:<br><\/b><\/span><\/h4>\n\n\n\n<div class=\"wp-block-image\"><figure class=\"aligncenter\"><img loading=\"lazy\" decoding=\"async\" width=\"645\" height=\"455\" src=\"https:\/\/www.gerald-sommerer.de\/wp-content\/uploads\/2015\/03\/zeitkapsel.jpg\" alt=\"Zeitkapsel Gruppenbild\" class=\"wp-image-162\" srcset=\"https:\/\/www.gerald-sommerer.de\/wp-content\/uploads\/2015\/03\/zeitkapsel.jpg 645w, https:\/\/www.gerald-sommerer.de\/wp-content\/uploads\/2015\/03\/zeitkapsel-300x212.jpg 300w\" sizes=\"auto, (max-width: 645px) 85vw, 645px\" \/><\/figure><\/div>\n\n\n\n<p style=\"text-align:center\"> (Fotograf: Tim B.)<\/p>\n\n\n\n<table class=\"wp-block-table\"><tbody><tr><td>\n<div align=\"center\">Jan W.<\/div>\n<\/td><\/tr><tr><td>\n<div align=\"center\">Christian P.<\/div>\n<\/td><\/tr><tr><td>\n<div align=\"center\">Dagmar Sch.<\/div>\n<\/td><\/tr><tr><td>\n<div align=\"center\">Gerald S.<\/div>\n<\/td><\/tr><tr><td>\n<div align=\"center\">Karl K.<\/div>\n<\/td><\/tr><tr><td>\n<div align=\"center\">Tim B.<\/div>\n<\/td><\/tr><tr><td>\n<div align=\"center\">Andreas Sch.<\/div>\n<\/td><\/tr><tr><td>\n<div align=\"center\">Martina B.<\/div>\n<\/td><\/tr><tr><td>\n<div align=\"center\">Stefanie G.<\/div>\n<\/td><\/tr><tr><td>\n<div align=\"center\">Nina G.<\/div>\n<\/td><\/tr><tr><td>\n<div align=\"center\">Anne G.<\/div>\n<\/td><\/tr><tr><td>\n<div align=\"center\">Uschi M.<\/div>\n<\/td><\/tr><tr><td>\n<div align=\"center\">Boris G.<\/div>\n<\/td><\/tr><tr><td>\n<div align=\"center\">Markus G.<\/div>\n<\/td><\/tr><tr><td>\n<div align=\"center\">Angelika B.<\/div>\n<\/td><\/tr><tr><td>\n<div align=\"center\">Tim Sch.<\/div>\n<\/td><\/tr><tr><td>\n<div align=\"center\">Imelda Sch.<\/div>\n<\/td><\/tr><tr><td>\n<div align=\"center\">David B.<\/div>\n<\/td><\/tr><tr><td>\n<div align=\"center\">Katrin S.<\/div>\n<\/td><\/tr><tr><td>\n<div align=\"center\">Markus T.<\/div>\n<\/td><\/tr><tr><td>\n<div align=\"center\">Florian A.<\/div>\n<\/td><\/tr><tr><td>\n<div align=\"center\">Thomas B.<\/div>\n<\/td><\/tr><tr><td>\n<div align=\"center\">Manuela R.<\/div>\n<\/td><\/tr><tr><td>\n<div align=\"center\">J\u00f6rg M.<\/div>\n<\/td><\/tr><\/tbody><\/table>\n","protected":false},"excerpt":{"rendered":"<p>Am 1. Juli 2000 wurde von 24 Personen eine &#8222;Zeitkapsel&#8220; auf einem Grundst\u00fcck im Ortsteil Haid bei Arzberg vergraben. Diese Kapsel enth\u00e4lt Informationen \u00fcber die Teilnehmer sowie diverse Gegenst\u00e4nde aus dieser Zeit.Am 1. Juli 2050 sollte die Kapsel von jenen 24 Teilnehmern wieder ausgegraben und ge\u00f6ffnet werden. Zutage kommen sollten dann die verk\u00f6rperten Erinnerungen an &hellip; <a href=\"https:\/\/www.gerald-sommerer.de\/?page_id=163\" class=\"more-link\"><span class=\"screen-reader-text\">\u201eZeitkapsel\u201c <\/span>weiterlesen<\/a><\/p>\n","protected":false},"author":1,"featured_media":0,"parent":0,"menu_order":0,"comment_status":"closed","ping_status":"closed","template":"","meta":{"footnotes":""},"class_list":["post-163","page","type-page","status-publish","hentry"],"_links":{"self":[{"href":"https:\/\/www.gerald-sommerer.de\/index.php?rest_route=\/wp\/v2\/pages\/163","targetHints":{"allow":["GET"]}}],"collection":[{"href":"https:\/\/www.gerald-sommerer.de\/index.php?rest_route=\/wp\/v2\/pages"}],"about":[{"href":"https:\/\/www.gerald-sommerer.de\/index.php?rest_route=\/wp\/v2\/types\/page"}],"author":[{"embeddable":true,"href":"https:\/\/www.gerald-sommerer.de\/index.php?rest_route=\/wp\/v2\/users\/1"}],"replies":[{"embeddable":true,"href":"https:\/\/www.gerald-sommerer.de\/index.php?rest_route=%2Fwp%2Fv2%2Fcomments&post=163"}],"version-history":[{"count":7,"href":"https:\/\/www.gerald-sommerer.de\/index.php?rest_route=\/wp\/v2\/pages\/163\/revisions"}],"predecessor-version":[{"id":2006,"href":"https:\/\/www.gerald-sommerer.de\/index.php?rest_route=\/wp\/v2\/pages\/163\/revisions\/2006"}],"wp:attachment":[{"href":"https:\/\/www.gerald-sommerer.de\/index.php?rest_route=%2Fwp%2Fv2%2Fmedia&parent=163"}],"curies":[{"name":"wp","href":"https:\/\/api.w.org\/{rel}","templated":true}]}}