{"id":3281,"date":"2022-10-23T19:31:04","date_gmt":"2022-10-23T17:31:04","guid":{"rendered":"https:\/\/www.gerald-sommerer.de\/?page_id=3281"},"modified":"2022-10-23T19:40:51","modified_gmt":"2022-10-23T17:40:51","slug":"space-above-and-beyond-cosplay-2","status":"publish","type":"page","link":"https:\/\/www.gerald-sommerer.de\/?page_id=3281","title":{"rendered":"Doctor Strange \/ Defender Strange &#8211; Cosplay"},"content":{"rendered":"\n<p>Aus dem mehr als reichhaltigen Marvel-Universum war dann doch (endlich) mal ein sch\u00f6nes Cosplay n\u00f6tig. Geworden ist es Defender Strange aus &#8222;Doctor Strange in the Multiverse of Madness&#8220;.<\/p>\n\n\n\n<p>Das Kost\u00fcm habe ich in diesem Etsy-Shop gefunden:<br><a href=\"https:\/\/www.etsy.com\/de\/shop\/zhencos\" target=\"_blank\" rel=\"noreferrer noopener\">https:\/\/www.etsy.com\/de\/shop\/zhencos<\/a><br>Gute Qualit\u00e4t, unkomplizierte Bestellung und schnelle Lieferung.<br>Einige \u00c4nderungen und Erg\u00e4nzungen musste ich nat\u00fcrlich noch vornehmen aber war keine komplizierte Sache.<\/p>\n\n\n\n<figure class=\"wp-block-gallery has-nested-images columns-2 wp-block-gallery-2 is-layout-flex wp-block-gallery-is-layout-flex\">\n<figure class=\"wp-block-image size-large\"><a href=\"https:\/\/www.gerald-sommerer.de\/?attachment_id=3276\"><img loading=\"lazy\" decoding=\"async\" width=\"372\" height=\"1024\" data-id=\"3276\" src=\"https:\/\/www.gerald-sommerer.de\/wp-content\/uploads\/2022\/10\/gerald_sommerer_dr_strange_defender-strange_pose1-372x1024.png\" alt=\"Gerald Sommerer Dr Strange Defender Strange Pose1\" class=\"wp-image-3276\" srcset=\"https:\/\/www.gerald-sommerer.de\/wp-content\/uploads\/2022\/10\/gerald_sommerer_dr_strange_defender-strange_pose1-372x1024.png 372w, https:\/\/www.gerald-sommerer.de\/wp-content\/uploads\/2022\/10\/gerald_sommerer_dr_strange_defender-strange_pose1-109x300.png 109w, https:\/\/www.gerald-sommerer.de\/wp-content\/uploads\/2022\/10\/gerald_sommerer_dr_strange_defender-strange_pose1-55x150.png 55w, https:\/\/www.gerald-sommerer.de\/wp-content\/uploads\/2022\/10\/gerald_sommerer_dr_strange_defender-strange_pose1-558x1536.png 558w, https:\/\/www.gerald-sommerer.de\/wp-content\/uploads\/2022\/10\/gerald_sommerer_dr_strange_defender-strange_pose1.png 727w\" sizes=\"auto, (max-width: 372px) 85vw, 372px\" \/><\/a><\/figure>\n\n\n\n<figure class=\"wp-block-image size-large\"><a href=\"https:\/\/www.gerald-sommerer.de\/?attachment_id=3275\"><img loading=\"lazy\" decoding=\"async\" width=\"210\" height=\"1024\" data-id=\"3275\" src=\"https:\/\/www.gerald-sommerer.de\/wp-content\/uploads\/2022\/10\/gerald_sommerer_dr_strange_defender-strange_links-210x1024.png\" alt=\"Gerald Sommerer Dr Strange Defender Strange links\" class=\"wp-image-3275\" srcset=\"https:\/\/www.gerald-sommerer.de\/wp-content\/uploads\/2022\/10\/gerald_sommerer_dr_strange_defender-strange_links-210x1024.png 210w, https:\/\/www.gerald-sommerer.de\/wp-content\/uploads\/2022\/10\/gerald_sommerer_dr_strange_defender-strange_links-31x150.png 31w\" sizes=\"auto, (max-width: 210px) 85vw, 210px\" \/><\/a><\/figure>\n\n\n\n<figure class=\"wp-block-image size-large\"><a href=\"https:\/\/www.gerald-sommerer.de\/?attachment_id=3274\"><img loading=\"lazy\" decoding=\"async\" width=\"354\" height=\"1024\" data-id=\"3274\" src=\"https:\/\/www.gerald-sommerer.de\/wp-content\/uploads\/2022\/10\/gerald_sommerer_dr_strange_defender-strange_hinten-354x1024.png\" alt=\"Gerald Sommerer Dr Strange Defender Strange hinten\" class=\"wp-image-3274\" srcset=\"https:\/\/www.gerald-sommerer.de\/wp-content\/uploads\/2022\/10\/gerald_sommerer_dr_strange_defender-strange_hinten-354x1024.png 354w, https:\/\/www.gerald-sommerer.de\/wp-content\/uploads\/2022\/10\/gerald_sommerer_dr_strange_defender-strange_hinten-104x300.png 104w, https:\/\/www.gerald-sommerer.de\/wp-content\/uploads\/2022\/10\/gerald_sommerer_dr_strange_defender-strange_hinten-52x150.png 52w, https:\/\/www.gerald-sommerer.de\/wp-content\/uploads\/2022\/10\/gerald_sommerer_dr_strange_defender-strange_hinten-531x1536.png 531w, https:\/\/www.gerald-sommerer.de\/wp-content\/uploads\/2022\/10\/gerald_sommerer_dr_strange_defender-strange_hinten.png 692w\" sizes=\"auto, (max-width: 354px) 85vw, 354px\" \/><\/a><\/figure>\n\n\n\n<figure class=\"wp-block-image size-large\"><a href=\"https:\/\/www.gerald-sommerer.de\/?attachment_id=3273\"><img loading=\"lazy\" decoding=\"async\" width=\"212\" height=\"1024\" data-id=\"3273\" src=\"https:\/\/www.gerald-sommerer.de\/wp-content\/uploads\/2022\/10\/gerald_sommerer_dr_strange_defender-strange_rechts-212x1024.png\" alt=\"Gerald Sommerer Dr Strange Defender Strange rechts\" class=\"wp-image-3273\" srcset=\"https:\/\/www.gerald-sommerer.de\/wp-content\/uploads\/2022\/10\/gerald_sommerer_dr_strange_defender-strange_rechts-212x1024.png 212w, https:\/\/www.gerald-sommerer.de\/wp-content\/uploads\/2022\/10\/gerald_sommerer_dr_strange_defender-strange_rechts-62x300.png 62w, https:\/\/www.gerald-sommerer.de\/wp-content\/uploads\/2022\/10\/gerald_sommerer_dr_strange_defender-strange_rechts-31x150.png 31w\" sizes=\"auto, (max-width: 212px) 85vw, 212px\" \/><\/a><\/figure>\n\n\n\n<figure class=\"wp-block-image size-large\"><a href=\"https:\/\/www.gerald-sommerer.de\/?attachment_id=3272\"><img loading=\"lazy\" decoding=\"async\" width=\"329\" height=\"1024\" data-id=\"3272\" src=\"https:\/\/www.gerald-sommerer.de\/wp-content\/uploads\/2022\/10\/gerald_sommerer_dr_strange_defender-strange_vorne-329x1024.png\" alt=\"Gerald Sommerer Dr Strange Defender Strange vorne\" class=\"wp-image-3272\" srcset=\"https:\/\/www.gerald-sommerer.de\/wp-content\/uploads\/2022\/10\/gerald_sommerer_dr_strange_defender-strange_vorne-329x1024.png 329w, https:\/\/www.gerald-sommerer.de\/wp-content\/uploads\/2022\/10\/gerald_sommerer_dr_strange_defender-strange_vorne-96x300.png 96w, https:\/\/www.gerald-sommerer.de\/wp-content\/uploads\/2022\/10\/gerald_sommerer_dr_strange_defender-strange_vorne-48x150.png 48w, https:\/\/www.gerald-sommerer.de\/wp-content\/uploads\/2022\/10\/gerald_sommerer_dr_strange_defender-strange_vorne-493x1536.png 493w, https:\/\/www.gerald-sommerer.de\/wp-content\/uploads\/2022\/10\/gerald_sommerer_dr_strange_defender-strange_vorne.png 642w\" sizes=\"auto, (max-width: 329px) 85vw, 329px\" \/><\/a><\/figure>\n\n\n\n<figure class=\"wp-block-image size-large\"><a href=\"https:\/\/www.gerald-sommerer.de\/?attachment_id=3277\"><img loading=\"lazy\" decoding=\"async\" width=\"730\" height=\"1024\" data-id=\"3277\" src=\"https:\/\/www.gerald-sommerer.de\/wp-content\/uploads\/2022\/10\/gerald_sommerer_dr_strange_defender-strange_pose2-730x1024.png\" alt=\"Gerald Sommerer Dr Strange Defender Strange Pose2\" class=\"wp-image-3277\" srcset=\"https:\/\/www.gerald-sommerer.de\/wp-content\/uploads\/2022\/10\/gerald_sommerer_dr_strange_defender-strange_pose2-730x1024.png 730w, https:\/\/www.gerald-sommerer.de\/wp-content\/uploads\/2022\/10\/gerald_sommerer_dr_strange_defender-strange_pose2-214x300.png 214w, https:\/\/www.gerald-sommerer.de\/wp-content\/uploads\/2022\/10\/gerald_sommerer_dr_strange_defender-strange_pose2-107x150.png 107w, https:\/\/www.gerald-sommerer.de\/wp-content\/uploads\/2022\/10\/gerald_sommerer_dr_strange_defender-strange_pose2-768x1078.png 768w, https:\/\/www.gerald-sommerer.de\/wp-content\/uploads\/2022\/10\/gerald_sommerer_dr_strange_defender-strange_pose2-1094x1536.png 1094w, https:\/\/www.gerald-sommerer.de\/wp-content\/uploads\/2022\/10\/gerald_sommerer_dr_strange_defender-strange_pose2-1200x1684.png 1200w, https:\/\/www.gerald-sommerer.de\/wp-content\/uploads\/2022\/10\/gerald_sommerer_dr_strange_defender-strange_pose2.png 1425w\" sizes=\"auto, (max-width: 730px) 85vw, 730px\" \/><\/a><\/figure>\n<\/figure>\n\n\n\n<hr class=\"wp-block-separator has-css-opacity\"\/>\n\n\n\n<figure class=\"wp-block-gallery has-nested-images columns-2 wp-block-gallery-3 is-layout-flex wp-block-gallery-is-layout-flex\">\n<figure class=\"wp-block-image size-large\"><a href=\"https:\/\/www.gerald-sommerer.de\/?attachment_id=3278\"><img loading=\"lazy\" decoding=\"async\" width=\"1500\" height=\"2000\" data-id=\"3278\" src=\"https:\/\/www.gerald-sommerer.de\/wp-content\/uploads\/2022\/10\/gerald_sommerer_dr_strange_defender-strange02.jpg\" alt=\"Gerald Sommerer Dr Strange Defender Strange 01\" class=\"wp-image-3278\" srcset=\"https:\/\/www.gerald-sommerer.de\/wp-content\/uploads\/2022\/10\/gerald_sommerer_dr_strange_defender-strange02.jpg 1500w, https:\/\/www.gerald-sommerer.de\/wp-content\/uploads\/2022\/10\/gerald_sommerer_dr_strange_defender-strange02-225x300.jpg 225w, https:\/\/www.gerald-sommerer.de\/wp-content\/uploads\/2022\/10\/gerald_sommerer_dr_strange_defender-strange02-768x1024.jpg 768w, https:\/\/www.gerald-sommerer.de\/wp-content\/uploads\/2022\/10\/gerald_sommerer_dr_strange_defender-strange02-113x150.jpg 113w, https:\/\/www.gerald-sommerer.de\/wp-content\/uploads\/2022\/10\/gerald_sommerer_dr_strange_defender-strange02-1152x1536.jpg 1152w, https:\/\/www.gerald-sommerer.de\/wp-content\/uploads\/2022\/10\/gerald_sommerer_dr_strange_defender-strange02-1200x1600.jpg 1200w\" sizes=\"auto, (max-width: 709px) 85vw, (max-width: 909px) 67vw, (max-width: 1362px) 62vw, 840px\" \/><\/a><\/figure>\n\n\n\n<figure class=\"wp-block-image size-large\"><a href=\"https:\/\/www.gerald-sommerer.de\/?attachment_id=3279\"><img loading=\"lazy\" decoding=\"async\" width=\"1500\" height=\"2000\" data-id=\"3279\" src=\"https:\/\/www.gerald-sommerer.de\/wp-content\/uploads\/2022\/10\/gerald_sommerer_dr_strange_defender-strange04.jpg\" alt=\"Gerald Sommerer Dr Strange Defender Strange 02\" class=\"wp-image-3279\" srcset=\"https:\/\/www.gerald-sommerer.de\/wp-content\/uploads\/2022\/10\/gerald_sommerer_dr_strange_defender-strange04.jpg 1500w, https:\/\/www.gerald-sommerer.de\/wp-content\/uploads\/2022\/10\/gerald_sommerer_dr_strange_defender-strange04-225x300.jpg 225w, https:\/\/www.gerald-sommerer.de\/wp-content\/uploads\/2022\/10\/gerald_sommerer_dr_strange_defender-strange04-768x1024.jpg 768w, https:\/\/www.gerald-sommerer.de\/wp-content\/uploads\/2022\/10\/gerald_sommerer_dr_strange_defender-strange04-113x150.jpg 113w, https:\/\/www.gerald-sommerer.de\/wp-content\/uploads\/2022\/10\/gerald_sommerer_dr_strange_defender-strange04-1152x1536.jpg 1152w, https:\/\/www.gerald-sommerer.de\/wp-content\/uploads\/2022\/10\/gerald_sommerer_dr_strange_defender-strange04-1200x1600.jpg 1200w\" sizes=\"auto, (max-width: 709px) 85vw, (max-width: 909px) 67vw, (max-width: 1362px) 62vw, 840px\" \/><\/a><\/figure>\n\n\n\n<figure class=\"wp-block-image size-large\"><a href=\"https:\/\/www.gerald-sommerer.de\/?attachment_id=3280\"><img loading=\"lazy\" decoding=\"async\" width=\"1276\" height=\"2000\" data-id=\"3280\" src=\"https:\/\/www.gerald-sommerer.de\/wp-content\/uploads\/2022\/10\/gerald_sommerer_dr_strange_defender-strange05.jpg\" alt=\"Gerald Sommerer Dr Strange Defender Strange 03\" class=\"wp-image-3280\" srcset=\"https:\/\/www.gerald-sommerer.de\/wp-content\/uploads\/2022\/10\/gerald_sommerer_dr_strange_defender-strange05.jpg 1276w, https:\/\/www.gerald-sommerer.de\/wp-content\/uploads\/2022\/10\/gerald_sommerer_dr_strange_defender-strange05-191x300.jpg 191w, https:\/\/www.gerald-sommerer.de\/wp-content\/uploads\/2022\/10\/gerald_sommerer_dr_strange_defender-strange05-653x1024.jpg 653w, https:\/\/www.gerald-sommerer.de\/wp-content\/uploads\/2022\/10\/gerald_sommerer_dr_strange_defender-strange05-96x150.jpg 96w, https:\/\/www.gerald-sommerer.de\/wp-content\/uploads\/2022\/10\/gerald_sommerer_dr_strange_defender-strange05-768x1204.jpg 768w, https:\/\/www.gerald-sommerer.de\/wp-content\/uploads\/2022\/10\/gerald_sommerer_dr_strange_defender-strange05-980x1536.jpg 980w, https:\/\/www.gerald-sommerer.de\/wp-content\/uploads\/2022\/10\/gerald_sommerer_dr_strange_defender-strange05-1200x1881.jpg 1200w\" sizes=\"auto, (max-width: 709px) 85vw, (max-width: 909px) 67vw, (max-width: 1362px) 62vw, 840px\" \/><\/a><\/figure>\n<\/figure>\n\n\n\n<hr class=\"wp-block-separator has-css-opacity\"\/>\n\n\n\n<p>Hier einige Infos zu Defender Strange:<br><a href=\"https:\/\/marvel-filme.fandom.com\/de\/wiki\/Defender_Strange\" target=\"_blank\" rel=\"noreferrer noopener\">https:\/\/marvel-filme.fandom.com\/de\/wiki\/Defender_Strange<\/a><br><\/p>\n\n\n\n<hr class=\"wp-block-separator has-alpha-channel-opacity\"\/>\n\n\n\n<figure class=\"wp-block-embed is-type-video is-provider-youtube wp-block-embed-youtube wp-embed-aspect-16-9 wp-has-aspect-ratio\"><div class=\"wp-block-embed__wrapper\">\n<iframe loading=\"lazy\" title=\"Doctor Strange 2  Defender Strange Betrays America Chavez\" width=\"840\" height=\"473\" src=\"https:\/\/www.youtube.com\/embed\/oBedQDedRy8?feature=oembed\" frameborder=\"0\" allow=\"accelerometer; autoplay; clipboard-write; encrypted-media; gyroscope; picture-in-picture\" allowfullscreen><\/iframe>\n<\/div><\/figure>\n\n\n\n<hr class=\"wp-block-separator has-alpha-channel-opacity\"\/>\n\n\n\n<pre id=\"tw-target-text\" class=\"wp-block-preformatted\">This is a private fansite. I like Dr. Strange and Marvel very much. This is all this website is about.\n\nThis site is not endorsed by The Walt Disney Company and is intended for entertainment and information purposes only.\nThe Official Marvel site can be found at <a rel=\"noreferrer noopener\" href=\"http:\/\/www.marvel.com\" target=\"_blank\">www.marvel.com<\/a>\nAll related items are registered trademarks and\/or copyrights of The Walt Disney Company, or their respective trademark and copyright holders.<\/pre>\n","protected":false},"excerpt":{"rendered":"<p>Aus dem mehr als reichhaltigen Marvel-Universum war dann doch (endlich) mal ein sch\u00f6nes Cosplay n\u00f6tig. Geworden ist es Defender Strange aus &#8222;Doctor Strange in the Multiverse of Madness&#8220;. Das Kost\u00fcm habe ich in diesem Etsy-Shop gefunden:https:\/\/www.etsy.com\/de\/shop\/zhencosGute Qualit\u00e4t, unkomplizierte Bestellung und schnelle Lieferung.Einige \u00c4nderungen und Erg\u00e4nzungen musste ich nat\u00fcrlich noch vornehmen aber war keine komplizierte Sache. &hellip; <a href=\"https:\/\/www.gerald-sommerer.de\/?page_id=3281\" class=\"more-link\"><span class=\"screen-reader-text\">\u201eDoctor Strange \/ Defender Strange &#8211; Cosplay\u201c <\/span>weiterlesen<\/a><\/p>\n","protected":false},"author":1,"featured_media":0,"parent":0,"menu_order":0,"comment_status":"closed","ping_status":"closed","template":"","meta":{"footnotes":""},"class_list":["post-3281","page","type-page","status-publish","hentry"],"_links":{"self":[{"href":"https:\/\/www.gerald-sommerer.de\/index.php?rest_route=\/wp\/v2\/pages\/3281","targetHints":{"allow":["GET"]}}],"collection":[{"href":"https:\/\/www.gerald-sommerer.de\/index.php?rest_route=\/wp\/v2\/pages"}],"about":[{"href":"https:\/\/www.gerald-sommerer.de\/index.php?rest_route=\/wp\/v2\/types\/page"}],"author":[{"embeddable":true,"href":"https:\/\/www.gerald-sommerer.de\/index.php?rest_route=\/wp\/v2\/users\/1"}],"replies":[{"embeddable":true,"href":"https:\/\/www.gerald-sommerer.de\/index.php?rest_route=%2Fwp%2Fv2%2Fcomments&post=3281"}],"version-history":[{"count":10,"href":"https:\/\/www.gerald-sommerer.de\/index.php?rest_route=\/wp\/v2\/pages\/3281\/revisions"}],"predecessor-version":[{"id":3293,"href":"https:\/\/www.gerald-sommerer.de\/index.php?rest_route=\/wp\/v2\/pages\/3281\/revisions\/3293"}],"wp:attachment":[{"href":"https:\/\/www.gerald-sommerer.de\/index.php?rest_route=%2Fwp%2Fv2%2Fmedia&parent=3281"}],"curies":[{"name":"wp","href":"https:\/\/api.w.org\/{rel}","templated":true}]}}